at is -523444 - -23?
-523421
In base 10, what is -2387 + 24?
-2363
In base 3, what is -10 - -22122110?
22122100
In base 16, what is 5 - -3ebd?
3ec2
In base 3, what is -21122001 - -1?
-21122000
In base 2, what is -110000011111 + -1111101?
-110010011100
In base 2, what is 11110110010110 - 100?
11110110010010
In base 3, what is -12 + 201211012111?
201211012022
In base 14, what is 3261 + -4d?
3212
In base 2, what is -10101 - -110001100?
101110111
In base 10, what is -13717 - -4?
-13713
In base 8, what is -5 - -74345?
74340
In base 13, what is -a95 + 76?
-a1c
In base 11, what is -4a134 + -2?
-4a136
In base 14, what is -6a7 + 1242?
979
In base 3, what is 112201 - -102211?
222112
In base 4, what is -100212 - 11011?
-111223
In base 11, what is -204 - 2a?
-233
In base 13, what is -3 + -684a?
-6850
In base 12, what is 11517 + 0?
11517
In base 6, what is -12 - -145253?
145241
In base 9, what is -104404 + 3?
-104401
In base 9, what is -312312 - 23?
-312335
In base 6, what is 154 + 22052?
22250
In base 15, what is 119 - 97?
72
In base 12, what is 5b1 + -20a?
3a3
In base 6, what is -215 + -251422?
-252041
In base 4, what is 2220203 + 11?
2220220
In base 11, what is -283 - -1a8?
-86
In base 16, what is 1e78b + 5?
1e790
In base 2, what is 1011111 + 100100100101100?
100100110001011
In base 3, what is 1212 - -11112001?
11120220
In base 13, what is -18a7 - 15?
-18bc
In base 9, what is -2 - -685355?
685353
In base 4, what is 113 + 33210?
33323
In base 2, what is -10 - -111100011111001?
111100011110111
In base 8, what is -31 - 501543?
-501574
In base 8, what is -13 + 6406?
6373
In base 11, what is 1382 - 96a?
513
In base 13, what is 0 - cb66?
-cb66
In base 7, what is 1041 - 34?
1004
In base 4, what is 233000130 + -22?
233000102
In base 13, what is -c1 - 1bb?
-2ac
In base 4, what is 11 + 1220311?
1220322
In base 3, what is 1101102122112 - -10?
1101102122122
In base 10, what is 2004 - -16?
2020
In base 5, what is -30311 + 2143?
-23113
In base 4, what is 1 - -200230212?
200230213
In base 5, what is -30341311 + 4?
-30341302
In base 12, what is -856 + -3?
-859
In base 5, what is -43 + -24311?
-24404
In base 12, what is -1 - 67132?
-67133
In base 9, what is 84 + 668?
763
In base 11, what is 448 + -43?
405
In base 12, what is 1 - 17986?
-17985
In base 8, what is -22 - 264523?
-264545
In base 5, what is 1220121 - 10?
1220111
In base 7, what is 1 - 236666?
-236665
In base 4, what is 1210 + 1301102?
1302312
In base 16, what is -4 - 1485a?
-1485e
In base 4, what is -22120 + -23231?
-112011
In base 4, what is -323100 + 321?
-322113
In base 5, what is -4213044 - 0?
-4213044
In base 15, what is 2e - -ab4?
ae3
In base 12, what is 132094 + 4?
132098
In base 5, what is -340401 + 2?
-340344
In base 7, what is 104 + -414466?
-414362
In base 2, what is -110010111000101 - 101?
-110010111001010
In base 6, what is -13402 + -15?
-13421
In base 7, what is -3653256 - -3?
-3653253
In base 12, what is 2 + 13301?
13303
In base 12, what is -12a33b + -7?
-12a346
In base 3, what is 12 + 20111100220?
20111101002
In base 10, what is -17 - -17776?
17759
In base 10, what is -165 + -20?
-185
In base 10, what is 2 + -4363?
-4361
In base 4, what is -121221 + -22?
-121303
In base 12, what is -2659371 + 0?
-2659371
In base 7, what is -2 + 1461011?
1461006
In base 7, what is 1364 - 61?
1303
In base 10, what is 108 - -142?
250
In base 11, what is 3a04 - -2?
3a06
In base 8, what is 210043 + -3?
210040
In base 6, what is -12 + 1154215?
1154203
In base 6, what is 1250 + 20323?
22013
In base 10, what is 144138 + 3?
144141
In base 12, what is 26 - -a469?
a493
In base 15, what is -84569 - -3?
-84566
In base 4, what is -1201103031 - 10?
-1201103101
In base 9, what is -4 - 5813?
-5817
In base 16, what is -1790 - -d5?
-16bb
In base 2, what is 1010000111 + -10101?
1001110010
In base 8, what is -304253 - 3?
-304256
In base 15, what is -58dc + -1?
-58dd
In base 3, what is 11022021 + 10012?
11102110
In base 12, what is -19 + -2ab?
-308
In base 6, what is 4 + -1225145?
-1225141
In base 13, what is -18c - -1180?
cc1
In base 6, what is 1245 + 3134?
4423
In base 7, what is -5 + -14020?
-14025
In base 13, what is a3 - -4600?
46a3
In base 6, what is 134000 - 14?
133542
In base 5, what is -402 + -1042020?
-1042422
In base 12, what is -6 - -2022?
2018
In base 15, what is 4 + -32ac4?
-32ac0
In base 3, what is -110101012 - 12?
-110101101
In base 5, what is -4234 + -40423?
-100212
In base 8, what is 165736 - 4?
165732
In base 12, what is 165212 + 1?
165213
In base 8, what is 2455 + -737?
1516
In base 13, what is -1484 - -14?
-1470
In base 2, what is -10101101011111 - 101?
-10101101100100
In base 12, what is -84799 - 4?
-847a1
In base 9, what is -2816 + -37?
-2854
In base 6, what is 1 + 25043?
25044
In base 4, what is -13032201122 + 2?
-13032201120
In base 16, what is -f0 + 3?
-ed
In base 11, what is -1a - 20a?
-229
In base 5, what is -123 - -11201?
11023
In base 8, what is 2 - -221221?
221223
In base 15, what is 18d + -41?
14c
In base 10, what is -21 - -8798?
8777
In base 7, what is 5 + -254423?
-254415
In base 15, what is -173 + 92?
-d1
In base 6, what is 3 - -130134?
130141
In base 12, what is -638 - 19?
-655
In base 12, what is 76b5 - -3?
76b8
In base 4, what is 331 - -11231?
12222
In base 12, what is -863 - -23?
-840
In base 12, what is -1 + 374b6?
374b5
In base 2, what is -1010001 + -101111100100101?
-101111101110110
In base 10, what is 18 - 53687?
-53669
In base 7, what is -5 - -2565466?
2565461
In base 11, what is -65093 + 5?
-65089
In base 14, what is -7c - -1ca?
14c
In base 8, what is 406466 - 4?
406462
In base 13, what is 87 + -411b?
-4064
In base 7, what is -13641 - -51?
-13560
In base 14, what is -6c1b + -2?
-6c1d
In base 8, what is 127 - 156?
-27
In base 11, what is 0 + 158213?
158213
In base 11, what is -4 - 547263?
-547267
In base 3, what is 1 - 21112120020?
-21112120012
In base 4, what is -20 - -1301001?
1300321
In base 6, what is 0 - -204524?
204524
In base 12, what is 2 + 681?
683
In base 7, what is 341 + -10220?
-6546
In base 6, what is 41 + -302000?
-301515
In base 4, what is 10000332 - -3?
10001001
In base 13, what is 5 + -5110?
-5108
In base 15, what is -3 - -2a490?
2a48c
In base 10, what is -2244 + 48?
-2196
In base 6, what is 15433015 - -2?
15433021
In base 12, what is -574 - -1a3?
-391
In base 12, what is 540 - 157?
3a5
In base 14, what is -1 - 494a?
-494b
In base 8, what is 5 + -1524520?
-1524513
In base 12, what is 3 + -1030?
-1029
In base 14, what is 73 + 2a8?
33b
In base 7, what is 65430 - -2?
65432
In base 2, what is -1 - 100000000011?
-100000000100
In base 3, what is -201 - 211?
-1112
In base 3, what is 222012012 - 12?
222012000
In base 2, what is -100100011100111 - -10001?
-100100011010110
In base 13, what is -4b0 - 24?
-504
In base 8, what is -10353 - -4?
-10347
In base 9, what is 50 + -6316?
-6256
In base 3, what is 2102 - -11110212102?
11110221211
In base 10, what is -879 - 52?
-931
In base 10, what is -283 + -639?
-922
In base 4, what is 11021 + -1110?
3311
In base 6, what is -420 - -1251?
431
In base 2, what is 0 - 1110011011000?
-1110011011000
In base 7, what is 54 - 10253?
-10166
In base 8, what is 6310 + 5?
6315
In base 9, what is -318165 + 0?
-318165
In base 12, what is -2bb + -43?
-342
In base 16, what is -39 - 1692?
-16cb
In base 16, what is 5 + 15a?
15f
In base 10, what is -3 - 2001?
-2004
In base 5, what is 10 - -2024?
2034
In base 5, what is 22031222 + 4?
22031231
In base 15, what is -245 - 3e6?
-63b
In base 15, what is -4 - -199bd5?
199bd1
In base 9, what is -4 - -3522?
3517
In base 6, what is 4 - -1451253?
1451301
In base 8, what is -3 - 31140?
-31143
In base 8, what is -15 + -103?
-120
In base 11, what is -26824 + -1?
-26825
In base 11, what is -400 + 1000?
700
In base 4, what is 1211 + 2102?
3313
In base 9, what is -11 - -64164?
64153
In base 13, what is 5 + -c027?
-c022
In base 13, what is 29 - -65b?
687
In base 7, what is 3 - 42413?
-42410
In base 11, what is -152a + -5?
-1534
In base 14, what is -9 + -151?
-15a
In base 8, what is -223073 - 3?
-223076
In base 6, what is -10155203 + -1?
-10155204
In base 2, what is 100 + 10100111001011?
10100111001111
In base 14, what is -211d36 - 5?
-211d3b
In base 14, what is -5 - -32cb?
32c6
In base 15, what is 12675 - -3?
12678
In base 1